12/(0 + 2 + 0). What are the prime factors of (-57)/(-5) - w/15?
11
Let k = 0 + 6. Let l(w) = 4*w - 14. List the prime factors of l(k).
2, 5
Suppose 3*d + 0*d - 13 = -2*p, 0 = -5*d - p + 24. Let z = 11 - d. List the prime factors of (z/4)/((-5)/(-10)).
3
Let b(v) = -12*v**2 + 0*v - 11 - v**3 - 7 - 3*v. What are the prime factors of b(-12)?
2, 3
Let s(o) = -3*o + 3. List the prime factors of s(-7).
2, 3
Let k = -15 + 21. Let u = 5 + k. What are the prime factors of u?
11
Let c = -5 + 6. Suppose -d - c = 1. Let i = 11 + d. List the prime factors of i.
3
Let h = 30 - 8. Suppose h = 2*i - 4. What are the prime factors of i?
13
Let s(l) = l**2 + l - 3. Suppose 4*p + 0*p + 5*b + 24 = 0, 2*p - 4*b = 14. Let z be (-8)/6*3/p. What are the prime factors of s(z)?
17
Let g(f) = f**2 - f + 1. Let s be g(5). List the prime factors of s + 0*3/6.
3, 7
Suppose -4*o + 28 = 4*u, 2*u + 2 = -4*o + 14. Suppose p + u = -4*c + 29, -5*c = p - 26. What are the prime factors of c?
5
Suppose -10*f + 768 = 78. What are the prime factors of f?
3, 23
Suppose 13 - 43 = -5*d. What are the prime factors of ((-86)/d)/((-9)/27)?
43
Let i(p) = 3*p**2 - 5*p - 1. Let w be i(4). Suppose -w + 3 = -v. What are the prime factors of v?
2, 3
Let c(i) = 24*i - 1. Let k be c(4). Let n = -44 + k. List the prime factors of n.
3, 17
Suppose -2*c - 6 = 6. Let w be (2/(-3))/(1/c). Suppose w*l + 6 = 2*z + 36, -l = z - 12. List the prime factors of l.
3
Let q(l) = 4*l**3 + l**2 - 1. Suppose y + 12 = 3*i - 2*y, -4*y = 4*i. Suppose -2*t - i = -4. What are the prime factors of q(t)?
2
Suppose 0*x = 5*x - 4*y - 502, 3*x - 316 = -5*y. Let c be x/(-14) - 8/(-28). Let w = -2 - c. What are the prime factors of w?
5
Suppose -4*v - 54 = 2*c - 152, -3*c = 4*v - 157. Suppose 9 + 8 = u + j, -4*u = j - c. List the prime factors of u.
2, 7
Suppose -54 = -k - 0*k. What are the prime factors of k?
2, 3
Suppose -y = -4*x + 1576, -4*x = -7*x - 2*y + 1193. List the prime factors of x.
5, 79
Let p(b) = -b - 10. Let x be p(-13). Suppose m = 5*k + 29, 2*k + 2 - 4 = -x*m. List the prime factors of m.
2
Let h(u) = u**3 + 12*u**2 - 2*u + 8. Let r be h(-12). Suppose r = 3*x + 5. List the prime factors of x.
3
Let q(t) = t**2. Let f be q(2). List the prime factors of (-86)/(-8) - f/(-16).
11
Let w(p) = 3*p**2 - 4*p + 5. List the prime factors of w(-4).
3, 23
Suppose -2*j = 3*i - i - 52, -i - 4 = -5*j. List the prime factors of i.
3, 7
Suppose -l = 5*k - 165, k + 2*l = 3*k - 78. Suppose -o = -4*o - c + 55, 2*c - k = -2*o. What are the prime factors of o?
19
Let k(h) = -h**2 + 6*h + 7. List the prime factors of k(5).
2, 3
Let c be ((-3)/6)/(1/(-10)). Suppose 2*o - o + c = 0. Let i = o + 12. What are the prime factors of i?
7
Suppose -o + 10 = -6*o. Let p = 7 + -5. List the prime factors of 6*1/p - o.
5
List the prime factors of (-4 - -3 - -74)/1.
73
Let v = -21 + 26. Suppose -4*n = -s - s + 66, -v*n - 120 = -4*s. List the prime factors of s.
5
Let k(b) = -b**3 + b**2 + 16*b + 1. List the prime factors of k(-7).
281
Suppose 0 = -3*s + 2*u + 3*u + 94, -3*u + 102 = 3*s. What are the prime factors of s?
3, 11
Suppose 5*c + 67 - 352 = 0. What are the prime factors of c?
3, 19
Let x = 0 + 4. Let q(c) = c**3 - 3*c**2 - 2*c + 1. What are the prime factors of q(x)?
3
Suppose -164 = -4*s - 5*b, -5*s + 2*b - 7*b + 200 = 0. Let c = s + -19. What are the prime factors of c?
17
Suppose -2*m - m = -144. List the prime factors of m.
2, 3
Suppose 3*g = -2*n + 17 + 53, -2*g - 2*n = -44. Suppose 0 = -3*k + 4*k + g. Let h = 36 + k. List the prime factors of h.
2, 5
Suppose 3*v - 4*v = -3. Suppose 0 = -5*q - 63 + v. What are the prime factors of (-6)/4*32/q?
2
Let z(l) = 165*l**2 + 1. List the prime factors of z(-1).
2, 83
Let y be 33/15 + 3/(-15). Suppose -5*i = 5*n + 1 - 6, 4*n - y = -3*i. List the prime factors of (2 + -1)/(i/10).
5
Let f(c) = c**3 + 10*c**2 + 9*c + 7. What are the prime factors of f(-9)?
7
Let l be 0 - (-1 - (-9)/(-3)). Suppose 0 = -2*k + 4*k + 4*t + 4, -l*k - 5*t + 1 = 0. Suppose 5*g - 43 = -k*w - 11, 3*g = -2*w + 18. List the prime factors of g.
2
Suppose 6*s + 612 = 12*s. List the prime factors of s.
2, 3, 17
Let c(u) = 2*u - 13. Let o be c(9). Suppose 0*m - o*m = -50. Suppose 4*s - 2*k = k + 17, -2*s = -2*k - m. What are the prime factors of s?
2
List the prime factors of (-9)/(9/(-190)) + 4.
2, 97
Let m(y) = -7*y - 13. List the prime factors of m(-5).
2, 11
Suppose -f + 0*b + 225 = -b, -460 = -2*f + 4*b. What are the prime factors of f?
2, 5, 11
Let l(s) = -2*s. Let m be l(-2). List the prime factors of (38/m)/((-3)/(-6)).
19
Suppose -10 = 2*m, 0 = -a + m + 1 + 59. What are the prime factors of a?
5, 11
Let f be (4 + -3)/((-2)/(-10)). Suppose 24 + 11 = f*x. Suppose -8 = x*i - 3*i, 26 = 4*w - i. What are the prime factors of w?
2, 3
Suppose -v = -b + 4, 2*v - b + 5 + 2 = 0. Let w = 3 - v. List the prime factors of w.
2, 3
Let q = -2 - -4. Let y be (-318)/(-9) - q/6. Suppose -2*m - 2*m - 5*d = -y, 3*m - 34 = 4*d. List the prime factors of m.
2, 5
Let f(o) = o**2 - 7*o + 12. Let j be f(10). Let d = 77 - j. List the prime factors of d.
5, 7
Let c = 11 - -2. List the prime factors of c.
13
Let w = 1 + -1. Suppose -5*m - 28 = -h, 0 = -w*h - 2*h + 2*m + 16. List the prime factors of h.
3
Suppose 28 = 2*l + 2*l. Suppose 5*v + l = -b, -5*b = -b + 3*v - 6. What are the prime factors of b?
3
Let h(b) = 5*b + 18. Let k(c) = -c**2 + 8*c - 8. Let d be k(6). Let f(y) = 3*y + 9. Let q(o) = d*h(o) - 7*f(o). List the prime factors of q(5).
2
Let z be (-1 - (-4 - 1)) + 0. Suppose -4 = z*x - 60. List the prime factors of x.
2, 7
Let m = -273 + 630. List the prime factors of m.
3, 7, 17
List the prime factors of (4/12)/(4/3420).
3, 5, 19
Suppose -j = 6*j - 1036. List the prime factors of j.
2, 37
Let i = 43 - -99. List the prime factors of i.
2, 71
Let t be -2*3/6*-3. Suppose 2*k - 36 = -5*h, 5 = k - t*h - h. List the prime factors of k.
13
Suppose 6 = 2*x - 2. Suppose -17 + 1 = -x*l. List the prime factors of l.
2
Suppose 370 = 2*w + 2*j, -j = 3*w + 12 - 561. Let h be ((-9)/(-1 - -4))/(10/(-70)). List the prime factors of w/h + (-1)/(-3).
3
Let y = 0 - -9. Let p be (y/(-4))/((-1)/(-8)). Let q = -6 - p. What are the prime factors of q?
2, 3
Suppose 3*l = 5*i + 82, -3*l + 8*l - 186 = -4*i. Suppose 3*b = 41 + l. List the prime factors of b.
5
Let u(f) = -11*f + 6. Let y be u(3). Let s = 50 + y. List the prime factors of s.
23
What are the prime factors of (-2)/(-14) + (-2511)/(-63)?
2, 5
What are the prime factors of (8/(-5))/((-3)/60)?
2
Suppose -4*l = 2*u - 3*l - 117, u = 2*l + 51. What are the prime factors of u?
3, 19
Let g(b) be the first derivative of -b**2 - 4*b + 2. Let u = -6 - 1. What are the prime factors of g(u)?
2, 5
Let h(n) = -n**2 - 7*n - 2. Let b be h(-6). Suppose -y + b = 10. Let t = 8 + y. What are the prime factors of t?
2
Suppose 4*k - k - 6 = 0. Let w be (13 + k)*(-1 + 0). List the prime factors of w/(-2) + 2/(-4).
7
Let a = -10 + 13. Suppose a*i + 2*i = 0. Suppose -2*q = -i*q - 18. List the prime factors of q.
3
Let x(n) = -n**2 + 5. Let r(j) = 3*j**2 - 9. Let g(q) = 4*r(q) + 7*x(q). Let o be g(1). Suppose -44 = -0*l - o*l. What are the prime factors of l?
11
Let u(a) = -a**2 + a + 15. Let q(k) = -k + 3. Let t be q(6). Let m be (-1)/t + (-2)/6. What are the prime factors of u(m)?
3, 5
Let f(q) = q - 1. Let z(b) = -b**3 + b**2 - b + 8. Let h be z(0). Let w be f(h). What are the prime factors of w*(2 + (-4)/(-7))?
2, 3
What are the prime factors of ((-16)/(-12))/(-2)*-87?
2, 29
Suppose 6*h - 3*h = -81. Let b = -15 - h. What are the prime factors of b?
2, 3
List the prime factors of 222/(-8)*(-144)/27.
2, 37
Suppose -312 = -3*w + 5*y, -216 + 655 = 4*w + y. List the prime factors of w.
109
Let p(h) = h**2 + 3*h - 1. What are the prime factors of p(6)?
53
Suppose 0 = 4*s + 9 - 61. List the prime factors of s.
13
Let p(c) = -9*c + 7. What are the prime factors of p(-6)?
61
Suppose 0 = 3*l + 4*o + 8, 2*l = 3*l + 2*o + 6. Let q = l - 2. What are the prime factors of q?
2
Let a = -26 - -227. What are the prime factors of a?
3, 67
Let q(f) = -f**2 + 6*f - 1. Suppose 3*v + 12 - 4 = z, 3*v + 13 = 2*z. List the prime factors of q(z).
2
Suppose 15 = -s - 2*c - 46, -4*s - 256 = -4*c. Let h be 4/10 - s/5. Suppose -o + h = -4*m, 2 =